lse
Is 235355573 a composite number?
True
Is 18998699 prime?
True
Is 349761767 a composite number?
False
Is 123874885 a composite number?
True
Is 144261539 prime?
False
Is 103254619 composite?
True
Is 6686473 a composite number?
True
Is 2487203 a composite number?
False
Is 197592959 a composite number?
False
Is 8032567 prime?
True
Is 89633567 a composite number?
True
Is 64550599 composite?
True
Is 30070787 a prime number?
False
Is 5317451 a prime number?
True
Is 1627349 composite?
True
Is 10871941 a prime number?
True
Is 230087199 a composite number?
True
Is 33747799 composite?
False
Is 412942511 a prime number?
True
Is 12895081 composite?
True
Is 116511389 prime?
True
Is 3920647 prime?
False
Is 3630455 a prime number?
False
Is 81187241 composite?
False
Is 1048189 a composite number?
False
Is 3348151 a composite number?
True
Is 388867387 a prime number?
False
Is 18731743 prime?
True
Is 5594549 a composite number?
True
Is 21537649 a composite number?
True
Is 26935477 prime?
True
Is 332461685 a prime number?
False
Is 5462693 a prime number?
False
Is 16408835 composite?
True
Is 53652983 a prime number?
True
Is 729257 prime?
True
Is 549924643 prime?
False
Is 19136057 a composite number?
True
Is 12305591 a composite number?
True
Is 16347631 a composite number?
False
Is 12292913 a composite number?
False
Is 1564195 a composite number?
True
Is 813892159 a prime number?
True
Is 4245679 a prime number?
True
Is 8807723 a composite number?
False
Is 208030507 prime?
False
Is 350736661 a prime number?
False
Is 113517659 a composite number?
False
Is 40525783 a composite number?
True
Is 101050115 a composite number?
True
Is 692743 prime?
True
Is 31122439 composite?
True
Is 22221449 a prime number?
True
Is 44596993 a prime number?
False
Is 26972999 a composite number?
True
Is 6284653 a prime number?
False
Is 13673543 composite?
True
Is 2762509 composite?
True
Is 1544797 a prime number?
False
Is 130875581 a composite number?
False
Is 82510739 prime?
True
Is 7791257 composite?
False
Is 23949283 prime?
False
Is 3305917 composite?
False
Is 162830069 prime?
True
Is 11141503 composite?
False
Is 3001853 composite?
False
Is 24660749 a composite number?
False
Is 5392945 composite?
True
Is 526601 a prime number?
True
Is 68148173 a composite number?
True
Is 25185821 a composite number?
False
Is 11458751 a composite number?
False
Is 67808803 a composite number?
False
Is 1827479 a prime number?
True
Is 9424907 a prime number?
True
Is 776551 a composite number?
False
Is 70069029 a composite number?
True
Is 14362891 composite?
False
Is 46131922 a composite number?
True
Is 147264785 prime?
False
Is 34917959 prime?
True
Is 1650041 composite?
False
Is 104715683 a prime number?
False
Is 71803187 composite?
False
Is 2229853 a composite number?
False
Is 1186453 a prime number?
False
Is 6598 composite?
True
Is 1150457509 a prime number?
True
Is 87649061 a prime number?
True
Is 171107 composite?
True
Is 54206822 a composite number?
True
Is 13608911 a prime number?
True
Is 24814757 a composite number?
True
Is 9015359 composite?
False
Is 7939579 prime?
False
Is 818306 a prime number?
False
Is 2874197 a prime number?
False
Is 25852951 a composite number?
False
Is 31229929 a prime number?
False
Is 23181161 composite?
False
Is 471357641 composite?
False
Is 23984777 a prime number?
True
Is 668804861 composite?
False
Is 9470773 prime?
False
Is 70778689 a prime number?
True
Is 34683181 prime?
False
Is 103176611 prime?
True
Is 759063233 a composite number?
True
Is 3943397 a composite number?
False
Is 4300546 composite?
True
Is 546079421 a prime number?
True
Is 8751 prime?
False
Is 1141979185 a prime number?
False
Is 175430809 a composite number?
False
Is 95627887 a composite number?
True
Is 15903385 composite?
True
Is 703981 composite?
False
Is 6979361 prime?
True
Is 480560071 prime?
True
Is 20467505 a prime number?
False
Is 58868923 a prime number?
True
Is 1079711 composite?
False
Is 536827 a prime number?
False
Is 49812383 composite?
False
Is 1751177 prime?
True
Is 745811 prime?
False
Is 80719421 composite?
False
Is 61797497 composite?
False
Is 50831009 a composite number?
False
Is 210933241 composite?
False
Is 53687351 composite?
False
Is 22699021 prime?
False
Is 748784347 a composite number?
True
Is 6147398 composite?
True
Is 2113349 a prime number?
False
Is 5536747 a prime number?
False
Is 209776179 prime?
False
Is 69780257 composite?
True
Is 44053 a prime number?
True
Is 40659343 composite?
False
Is 399010967 composite?
False
Is 969729 prime?
False
Is 160015 a prime number?
False
Is 109041301 composite?
False
Is 5994566 prime?
False
Is 3389657 a prime number?
False
Is 2216959 prime?
False
Is 643537591 a prime number?
False
Is 40163147 composite?
True
Is 25969063 a composite number?
False
Is 558256187 a prime number?
True
Is 22721731 a prime number?
True
Is 407467 composite?
True
Is 2707651 a prime number?
True
Is 2736455 composite?
True
Is 62294453 prime?
False
Is 9654169 composite?
True
Is 517558 a composite number?
True
Is 3298577 a prime number?
True
Is 625299049 composite?
True
Is 1989979 a prime number?
True
Is 12344561 composite?
False
Is 4479131 a prime number?
False
Is 1645829 composite?
False
Is 36023969 a composite number?
True
Is 265169635 prime?
False
Is 53787 prime?
False
Is 4388689 a prime number?
True
Is 2035151 a composite number?
False
Is 288323873 composite?
False
Is 22036013 a prime number?
True
Is 1705721 prime?
True
Is 478827863 prime?
False
Is 241348649 prime?
True
Is 2410673 composite?
True
Is 25578347 prime?
True
Is 12403871 a prime number?
True
Is 1962602 a prime number?
False
Is 28858979 prime?
False
Is 1318237 a prime number?
False
Is 719897 a composite number?
True
Is 112342826 composite?
True
Is 171542314 prime?
False
Is 961769 a prime number?
True
Is 25329 a prime number?
False
Is 7491061 prime?
True
Is 2793031 a prime number?
False
Is 30148879 prime?
True
Is 6436643 a composite number?
False
Is 403363 composite?
False
Is 6938749 a prime number?
True
Is 1685689 prime?
False
Is 3814183 prime?
True
Is 1227658 a composite number?
True
Is 25611947 prime?
True
Is 233703467 prime?
True
Is 8098111 composite?
True
Is 69564479 a prime number?
True
Is 112245941 prime?
False
Is 80201447 prime?
True
Is 18200557 a prime number?
False
Is 44289923 composite?
True
Is 462661 prime?
False
Is 186429391 a composite number?
True
Is 16089877 prime?
False
Is 5542309 prime?
True
Is 4681387 prime?
False
Is 18477335 a prime number?
False
Is 361858817 composite?
False
Is 107081641 prime?
False
Is 93112469 composite?
False
Is 35887723 a prime number?
True
Is 9313337 a prime number?
False
Is 22028459 a prime number?
True
Is 29369477 prime?
True
Is 3168077 a prime number?
False
Is 7282721 a prime number?
False
Is 4276537 a composite number?
True
Is 22817891 prime?
False
Is 3045487 a prime number?
False
Is 20643313 composite?
False
Is 26577071 composite?
False
Is 664730921 a composite number?
False
Is 42848371 prime?
True
Is 4287658 a prime number?
False
Is 222838471 prime?
True
Is 170681423 composite?
True
Is 12347749 a prime number?
True
Is 220856851 a prime number?
True
Is 11291101 composite?
False
Is 47785321 a prime number?
False
Is 4077839 prime?
False
Is 1628503 a prime number?
False
Is 26449411 composite?
False
Is 9676201 composite?
False
Is 2958089 prime?
False
Is 2957069 a prime number?
False
Is 12189803 composite?
False
Is 6871841 composite?
False
Is 45949 a composite number?
False
Is 12284941 prime?
True
Is 5174843 composite?
False
Is 13281881 a composite number?
True
Is 14025721 composite?
True
Is 41822147 prime?
False
Is 1313423 a composite number?
False
Is 17686519 a prime number?
True
Is 127213699 a composite number?
False
Is 77895154 composite?
True
Is 2342533 prime?
False
Is 3122257 a composite number?
True
Is 5834735 prime?
False
Is 4453159 a composite number?
False
Is 2109803 composite?
True
Is 257990429 composite?
False
Is 16250093 composite?
False
Is 159491747 a composite number?
True
Is 2962679 a prime number?
False
Is 4527739 composite?
False
Is 385799 prime?
False
Is 162956593 a composite number?
False
Is 220502273 prime?
True
Is 23676241 composite?
False
Is 79936165 a composite number?
True
Is 986677 composite?
True
Is 45324493 a prime number?
True
Is 108